26?
2
What is the tens digit of 37214?
1
What is the hundreds digit of 1824?
8
What is the units digit of 86911?
1
What is the tens digit of 17198?
9
What is the hundreds digit of 2404?
4
What is the tens digit of 309?
0
What is the units digit of 268?
8
What is the tens digit of 6319?
1
What is the units digit of 773?
3
What is the units digit of 33284?
4
What is the thousands digit of 6308?
6
What is the units digit of 26634?
4
What is the hundreds digit of 42137?
1
What is the tens digit of 918?
1
What is the units digit of 7849?
9
What is the tens digit of 1547?
4
What is the thousands digit of 4623?
4
What is the hundreds digit of 1430?
4
What is the hundreds digit of 2472?
4
What is the units digit of 310?
0
What is the tens digit of 27776?
7
What is the hundreds digit of 9458?
4
What is the hundreds digit of 2334?
3
What is the units digit of 792?
2
What is the units digit of 1802?
2
What is the ten thousands digit of 50861?
5
What is the hundreds digit of 5653?
6
What is the tens digit of 9358?
5
What is the hundreds digit of 20687?
6
What is the tens digit of 17626?
2
What is the tens digit of 3313?
1
What is the hundreds digit of 11384?
3
What is the units digit of 16714?
4
What is the hundreds digit of 417?
4
What is the hundreds digit of 319?
3
What is the hundreds digit of 67037?
0
What is the tens digit of 1468?
6
What is the tens digit of 9126?
2
What is the hundreds digit of 940?
9
What is the thousands digit of 1332?
1
What is the ten thousands digit of 10180?
1
What is the hundreds digit of 9195?
1
What is the thousands digit of 1363?
1
What is the hundreds digit of 13466?
4
What is the units digit of 580?
0
What is the units digit of 83630?
0
What is the tens digit of 7471?
7
What is the hundreds digit of 1909?
9
What is the tens digit of 1121?
2
What is the tens digit of 1614?
1
What is the thousands digit of 19312?
9
What is the hundreds digit of 9612?
6
What is the units digit of 99860?
0
What is the units digit of 1491?
1
What is the units digit of 29986?
6
What is the units digit of 6254?
4
What is the thousands digit of 2604?
2
What is the hundreds digit of 7325?
3
What is the hundreds digit of 18711?
7
What is the thousands digit of 17133?
7
What is the units digit of 1935?
5
What is the hundreds digit of 797?
7
What is the tens digit of 46?
4
What is the hundreds digit of 20999?
9
What is the hundreds digit of 3049?
0
What is the ten thousands digit of 25222?
2
What is the thousands digit of 4453?
4
What is the units digit of 4400?
0
What is the hundreds digit of 5011?
0
What is the thousands digit of 99054?
9
What is the tens digit of 295?
9
What is the hundreds digit of 9819?
8
What is the hundreds digit of 2045?
0
What is the tens digit of 45831?
3
What is the hundreds digit of 1066?
0
What is the hundreds digit of 12812?
8
What is the units digit of 6126?
6
What is the units digit of 30206?
6
What is the units digit of 1246?
6
What is the tens digit of 6095?
9
What is the units digit of 8372?
2
What is the units digit of 1377?
7
What is the hundreds digit of 6093?
0
What is the units digit of 5222?
2
What is the tens digit of 237?
3
What is the tens digit of 19142?
4
What is the units digit of 1742?
2
What is the tens digit of 104129?
2
What is the tens digit of 22275?
7
What is the thousands digit of 27861?
7
What is the units digit of 2988?
8
What is the hundreds digit of 4883?
8
What is the tens digit of 708?
0
What is the ten thousands digit of 106823?
0
What is the hundreds digit of 3597?
5
What is the tens digit of 5422?
2
What is the tens digit of 31632?
3
What is the tens digit of 7679?
7
What is the units digit of 12969?
9
What is the units digit of 45630?
0
What is the tens digit of 2801?
0
What is the tens digit of 232?
3
What is the ten thousands digit of 41651?
4
What is the units digit of 643?
3
What is the thousands digit of 38545?
8
What is the hundreds digit of 490?
4
What is the thousands digit of 3008?
3
What is the hundreds digit of 1554?
5
What is the hundreds digit of 96386?
3
What is the units digit of 10074?
4
What is the units digit of 5003?
3
What is the hundreds digit of 22813?
8
What is the units digit of 123370?
0
What is the tens digit of 4347?
4
What is the units digit of 6047?
7
What is the hundreds digit of 505?
5
What is the thousands digit of 7159?
7
What is the tens digit of 1432?
3
What is the tens digit of 20941?
4
What is the hundreds digit of 7563?
5
What is the thousands digit of 5551?
5
What is the thousands digit of 6576?
6
What is the tens digit of 16752?
5
What is the hundreds digit of 11704?
7
What is the ten thousands digit of 74314?
7
What is the ten thousands digit of 11463?
1
What is the thousands digit of 8043?
8
What is the ten thousands digit of 58580?
5
What is the units digit of 2626?
6
What is the tens digit of 112918?
1
What is the units digit of 655?
5
What is the hundreds digit of 4061?
0
What is the tens digit of 12671?
7
What is the tens digit of 4137?
3
What is the tens digit of 67540?
4
What is the hundreds digit of 3478?
4
What is the units digit of 9490?
0
What is the thousands digit of 3772?
3
What is the hundreds digit of 2112?
1
What is the tens digit of 3875?
7
What is the thousands digit of 2216?
2
What is the hundreds digit of 502?
5
What is the ten thousands digit of 21140?
2
What is the units digit of 1011?
1
What is the thousands digit of 6383?
6
What is the units digit of 96?
6
What is the tens digit of 1580?
8
What is the thousands digit of 85632?
5
What is the thousands digit of 5675?
5
What is the thousands digit of 1359?
1
What is the thousands digit of 2379?
2
What is the tens digit of 7643?
4
What is the hundreds digit of 87790?
7
What is the hundred thousands digit of 136250?
1
What is the hundreds digit of 12416?
4
What is the tens digit of 10022?
2
What is the units digit of 371?
1
What is the tens digit of 458?
5
What is the hundreds digit of 6830?
8
What is the tens digit of 9907?
0
What is the tens digit of 41862?
6
What is the units digit of 2424?
4
What is the tens digit of 23552?
5
What is the hundreds digit of 8671?
6
What is the thousands digit of 2079?
2
What is the hundreds digit of 93060?
0
What is the hundreds digit of 4248?
2
What is the units digit of 2229?
9
What is the tens digit of 78070?
7
What is the thousands digit of 28058?
8
What is the units digit of 113449?
9
What is the ten thousands digit of 26331?
2
What is the units digit of 11828?
8
What is the units digit of 9427?
7
What is the tens digit of 503?
0
What is the tens digit of 81348?
4
What is the units digit of 2106?
6
What is the thousands digit of 3147?
3
What is the hundreds digit of 23153?
1
What is the hundred thousands digit of 123157?
1
What is the units digit of 848?
8
What is the tens digit of 25263?
6
What is the hundreds digit of 483?
4
What is the hundreds digit of 613?
6
What is the units digit of 109?
9
What is the tens digit of 2538?
3
What is the tens digit of 1031?
3
What is the thousands digit of 1086?
1
What is the units digit of 13702?
2
What is the units digit of 1090?
0
What is the hundreds digit of 13173?
1
What is the thousands digit of 35959?
5
What is the hundreds digit of 510?
5
What is the tens digit of 2468?
6
What is the hundreds digit of 1141?
1
What is the tens digit of 3342?
4
What is the thousands digit of 4469?
4
What is the units digit of 1689?
9
What is the hundreds digit of 4163?
1
What is the tens digit of 5434?
3
What is the units digit of 140?
0
What is the units digit of 31802?
2
What is the hundreds digit of 1848?
8
What is the units digit of 1830?
0
What is the units digit of 24015?
5
What is the units digit of 94551?
1
What is the tens digit of 627?
2
What is the ten thousands digit of 21056?
2
What is the ten thousands digit of 17289?
1
What is the units digit of 408?
8
What is the thousands digit of 44089?
4
What is the hundreds digit of 901?
9
What is the thousands digit of 132506?
2
What is the units digit of 385?
5
What is the units digit of 24355?
5
What is the tens digit of 4506?
0
What is the hundreds digit of 3015?
0
What is the tens digit of 69876?
7
What is the ten thousands digit of 43080?
4
What is the tens digit of 790?
9
What is the tens digit of 495?
9
What is the thousands digit of 22457